+ -10 + 1.
-4
Calculate -17 + 19 + -12 + 1 + -1.
-10
Calculate 2 + -2 + (6 + -4 + -1 - 2).
-1
Calculate (-21 - -10 - (12 - 25)) + -12.
-10
What is -5 + (-13 - -7) + 9 + 0 + 17?
15
What is (-9 - (-6 - -3)) + 16 + -2?
8
What is the value of -4 + (21 - 18 - (-6 + 1))?
4
Calculate -11 + 0 + (-7 + 14 + -8 - -1).
-11
Calculate -4 + -19 + 5 + (9 - (4 + 6)).
-19
0 - -22 - (205 - 195)
12
(1 - -1) + (-13 - (11 + -8))
-14
What is -6 + 11 + 7 + -13 - -4?
3
What is 1 + 8 + 262 + -300?
-29
What is the value of -2 - (7 - (11 + -1))?
1
Calculate 4 + (-2 - (-21 - -19)).
4
What is the value of -5 - -38 - (-11 + -6 - -16)?
34
Calculate 3 - (-3 + 0) - (63 + -69).
12
Evaluate 27 + -8 + (27 - 19).
27
What is the value of (1 + -8 - (-43 + (0 - -1))) + -7?
28
Calculate -10 - ((-51 - -46) + (2 - -2) + 5).
-14
Evaluate -5 + -1 - (4 - (-17 - -24)).
-3
(-16 - -19) + 4 + -13
-6
Calculate 27 + 2 + -35 + -2.
-8
Calculate 12 - (5 + 7 + -11 + 9).
2
What is 16 - 1 - (9 - -34 - 48)?
20
Evaluate (-8 + 23 - 6) + 1.
10
Calculate -6 - -52 - 16 - 13 - (0 - -2).
15
What is 11 + (-6 - (-8 + -1)) - 14?
0
(11 - 4) + -7 - (-3 + 11)
-8
What is the value of -13 + -4 + (7 - (1 - 2))?
-9
7 + (0 + 5 - (-57 + 77))
-8
What is the value of 12 + (-1 - 25) - (-26 - 0)?
12
Evaluate -1 + 13 + (-61 - -40).
-9
Evaluate 8 + 0 - (-326 - -335).
-1
Calculate -48 + -1 - -22 - -48.
21
What is 10 + (11 + -5 + -3 - 1)?
12
What is 11 - 19 - -25 - 7 - -13?
23
-3 + 3 - (-1 + 8 - (-23 + 29))
-1
What is the value of (-21 - (24 + -43)) + 0?
-2
What is the value of 25 + -14 + 5 + (12 + -6 - 6)?
16
What is 6 + 0 + 7 + -29 + 0?
-16
Calculate -23 - (((-6 - -2) + 8 - -4) + 0).
-31
12 + -28 - -5 - -17
6
What is the value of 7 + -8 + 3 + -10 - (1 - 4)?
-5
-5 + 5 - -16 - 9
7
Calculate 8 - ((-112 - -121) + 2 + -1).
-2
What is 6 + -4 + 4 + -11 - 2?
-7
Evaluate -16 + (32 - 40) - 7.
-31
What is 9 + 1 + (-1 - (16 + 4 + 10))?
-21
Calculate (2 + -3 - 2) + (-8 - 9).
-20
What is 12 - (-11 - (10 - 2)) - 15?
16
What is the value of -136 + 108 + (1 - (3 + -1 + -3))?
-26
5 - (13 + -7 + (-5 - -4))
0
-3 + (4 - -7 - 1) + 0 + 3
10
What is the value of (4 + -8 - (3 - (3 + -3))) + 21?
14
3 - (10 + 3) - (5 - (13 + -5))
-7
13 - 1 - (223 + -197)
-14
What is -5 + 11 + (-16 - -14)?
4
Evaluate 5 + 1 - -25 - 24.
7
What is -6 + 1 + 3 + 10 + -19 - -11?
0
Evaluate 7 - (6 + 1 + (-1 - 4)).
5
Evaluate -1 - ((8 - 8) + 3 + -2 - -1).
-3
What is 6 - (9 - (4 - -2))?
3
What is (11 - 1) + -17 + 8 - -34?
35
What is the value of -7 + 2 + (8 - (13 - 9))?
-1
Evaluate 44 + -62 - (-15 - -2).
-5
Calculate 15 + (21 - 48) - -20.
8
Calculate -1 + -9 + (-291 - -294).
-7
What is -5 + -4 + -3 + -4 + 13 + 24?
21
Evaluate 17 - (9 - 5) - 8 - 6 - 8.
-9
What is the value of 22 + -25 + (3 - 1)?
-1
(-3 - (9 - 1)) + -4 + 5
-10
Evaluate -3 + 17 + 395 + -398.
11
Calculate -5 + (-5 - -3) + 10 + -10 + -8.
-15
What is 8 + -1 - (5 + -8 + (70 - 59))?
-1
Calculate (4 - (18 - 9)) + -6 + 1 + -6.
-16
Calculate -10 + (7 - 2 - (-3 - -5)) - 0.
-7
What is the value of 17 + 6 - 18 - 4?
1
(-6 - (-29 + 47)) + 45
21
Evaluate (6 - 9) + 8 - ((1 - 7) + -8).
19
Calculate 3 + -1 - (-27 - (-68 - -30)).
-9
-2 + (14 + -11 - 10) + 3
-6
-1 - (13 - (-2 - -5))
-11
Evaluate -2 + -2 + 0 + 25 + -22.
-1
What is (-96 - -47) + 40 - 20?
-29
Evaluate (-12 - (4 + 1 - 5)) + 4 + -8.
-16
What is the value of 195 + -207 - ((6 - 5) + 12)?
-25
3 - (0 + 7) - -3 - (13 - -3)
-17
Evaluate -48 + 40 + -1 + -2.
-11
-1 + -1 + (-7 - (41 + -18)) - -5
-27
0 + 15 + (-88 - -86)
13
Evaluate ((0 - -20) + 6 + -9 - 3) + -3.
11
What is the value of (33 - 60 - 1) + 13?
-15
What is (-43 - -11 - -14) + 22?
4
What is the value of -9 + (-17 - -15 - -7)?
-4
(-14 - 1 - -8) + -17 + 2 + 4
-18
32 + -26 + 4 + 15
25
-470 + 458 - ((-2 - -1) + -35)
24
What is -17 - (19 - (6 - -12))?
-18
2 + -19 + -27 + 15 + 16
-13
What is the value of (9 - -13 - 6) + 1 + 2?
19
Calculate 1 + 8 + (19 - 24 - 15).
-11
Evaluate (-6 - 18) + (-119 - -139).
-4
Calculate 8 + (-7 - 3) + (-7 - -1).
-8
(1 - 3 - -31) + 49 + -17 + -37
24
Evaluate (3 - (5 + 9 + -1)) + 3 + 5.
-2
What is the value of 16 - (11 + -9 + (20 - 11))?
5
16 + -1 + 30 + -86 + 57
16
Calculate -10 - 6 - ((18 - 22) + -31).
19
Calculate (-3 + 8 + 4 - 12) + (-6 - 2).
-11
What is the value of -69 + 41 + 0 + 18?
-10
Evaluate 2 - (-10 + 7 + (1 - 2) - -5).
1
What is the value of 1 + 12 + (405 - 443)?
-25
Calculate 2 - 7 - (-9 - (-10 - (0 + -1))).
-5
What is the value of (-36 - (12 + -16)) + 18?
-14
What is the value of -20 - (1 - 10 - 8)?
-3
What is -4 + -9 + 8 + 1 + -6?
-10
Calculate 5 + 14 + (-1 - 6).
12
(233 - 226) + -17 + -1 - -12
1
What is -14 + (-10 - -15 - 2)?
-11
What is the value of (0 - (-1 + 6)) + -2 + 4 - -7?
4
Evaluate -23 + 5 - ((6 - 2) + -8 + 9).
-23
What is (-9 - -1 - -13 - 3) + -8?
-6
-3 + 5 + (34 - 21)
15
What is (-13 - -6) + 23 + -16?
0
Calculate -1 + 0 - (10 - 21 - -16).
-6
-2 + 1 - (33 + (-35 - 0)) - 3
-2
What is -15 + -10 + -38 + 61?
-2
Calculate -27 + -8 + 18 - -22.
5
Evaluate (-12 - -8) + (-23 - -8).
-19
What is the value of 3 + -2 - -8 - (-80 + 88)?
1
What is 22 + (-26 - -22) - 16?
2
Evaluate -130 - -132 - ((-3 - -1) + 1 - -3).
0
What is the value of -9 + 18 - (7 - -15)?
-13
What is the value of -7 + -3 + 3 + -5 + (19 - 9)?
-2
What is the value of 5 - (-4 - -8) - -13 - 2?
12
Calculate -9 + 0 - (-12 + 2 - (-39 + 29)).
-9
1 - -1 - 5 - (12 + 11 - 20)
-6
Calculate (-7 - 2) + 2 + 0 + 1.
-6
Calculate -16 - ((-11 - -2) + (-11 - -14) + 4).
-14
Evaluate -22 - (8 + -7 - 18).
-5
Evaluate (5 + -19 + 9 - 10) + 3.
-12
3 + -3 + (16 - 13) - (24 - 0)
-21
Evaluate 13 - 15 - (11 - 26).
13
What is (1 - 2) + (398 - 387)?
10
-2 + -14 + 4 - -6
-6
Calculate 0 + 1 + 1 + -9 + (4903 - 4876).
20
Evaluate (32 - (7 + 16)) + 0 + -1 + 5.
13
What is 31 + -4 + -9 + 7?
25
What is the value of -7 - 0 - 0 - (448 + -464)?
9
Calculate 12 + (2 - ((1 - 6) + (-16 - -22))).
13
-1 + 3 - (-3 + -2) - (-1720 - -1735)
-8
(-14 + 15 - -1) + 1 + -2 + -4
-3
What is -239 + 265 - (-10 - (2 + -6))?
32
(12 + -12 + -11 - (33 - 12)) + -3
-35
What is the value of -30 + 14 - -21 - 8?
-3
Evaluate (0 - 15) + (239 - 230).
-6
What is -1 + (15 - 17) + 9 + -8?
-2
-19 + 12 + -6 + -8
-21
(-5 - -6) + (-11 - -13) + -2
1
What is (9 - 21) + (38 - 3)?
23
Evaluate 5 + -1 - (-32 + 4 + 49).
-17
Evaluate -19 - (-3 + -8) - -8.
0
What is 3 - 9 - (-3 - (1 - (-7 - -3)))?
2
Calculate (6 - -1) + 16 + (-10 - 5).
8
What is -15 - (-14 + -7 + 12)?
-6
What is the value of (3 - 44) + -63 + 91?
-13
42 - -2 - (-1211 + 1249)
6
What is the value of (6 - (-1 + 3)) + (47 - 44)?
7
What is 8 + -2 - (56 + -55)?
5
-38 + -1 - (-56 - -20 - -21)
-24
What is (0 - 17) + (152 - 131) - 15?
-11
What is -322 - -316 - (-1 + 1)?
-6
-2 - (-3 + 3) - 1 - (-5 + 0)
2
(1 - (11 - -5)) + 16
1
What is the value of -16 - -2 - (-35 + 22 + -12)?
11
(6 - 11) + 0 + 5 + -5
-5
Calculate 41 + 62 + -33 + -54.
16
What is the value of 17 + (-33 + 7 - -11)?
2
Calculate 6 + -9 + 2 + -1.
-2
Calculate -1 + (-86 - -80 - (0 + 4)).
-11
What is the value of 15 + 18 + -29 + -8?
-4
What is 5 - ((0 - -4 - (-42 + 46)) + 0)?
5
What is -5 + -6 + (2 + -3 + -3 - -12)?
-3
What is -21 + (18 - 24) - -39?
12
Calculate -17 - ((-12 - -26) + (-7 - -1)).
-25
What is the value of 20 + -8 + -11 - (2 - 0)?
-1
What is the value of (-21 - (-6 - -2)) + 29?
12
Calculate (-3 - -6 - -3 - (25 - 28)) + -19.
-10
What is -10 + 33 + -5 + -32?
-14
-6 + 0 + -1 + (-14 - (-68 + 45))
2
Calculate 27 + (6 - (29 + -8)).
12
What is 11 + (-5 - (37 - 21))?
-10
What is the value of 8 - (-2 + 13 + -76 + 81)?
-8
Evaluate -21 + 4 + 2 - (1 + 0).
-16
What is the value of 1 + (-16 - 6) + -11 + 5?
-27
What is the value of 21 - (21 - (0 + (3 - -6)))?
9
9 + 1 + (90 - 87)
13
Evaluate -2 - (-38 + 28 - (2 - 1)).
9
Calculate 13 + (-35 - -19) + (5 - 1).
1
What is (31 - 28) + 24 - 31?
-4
Evaluate -5 + (-5 - (7 + -5)).
-12
What is the value of -6 + 4 + -3 + 1 + 11 + -2?
5
11 + -11 + 77 + -52
25
What is the value of 406 + -387 - (-2 - -33)?
-12
Evaluate (19 - 0 - (-160 + 174)) + (-9 - 3).
-7
What is (0 - -1) + -8 + -50 + 30 - -3?
-24
What is the value of -7 - (-22 - (-11 + -3))?
1
-3 + (-4 - 1) + (16 - (-15 + 19))
4
What is the value of (-22 - (28 - 44) - (6 + 0)) + 7?
-5
Evaluate -1 + 0 - ((-8 - -1) + (3 - -1)).
2
What is (5 - 2 - 13) + 5 + -2 + 20?
13
Evaluate 111 + -114 - (10 + 2).
-15
